{"id":6418,"date":"2022-03-05T15:23:10","date_gmt":"2022-03-05T18:23:10","guid":{"rendered":"https:\/\/cartorioadrianaceliac.com.br\/?page_id=6418"},"modified":"2022-09-26T09:22:13","modified_gmt":"2022-09-26T12:22:13","slug":"servicos","status":"publish","type":"page","link":"https:\/\/cartorioadrianaceliac.com.br\/?page_id=6418","title":{"rendered":"Servi\u00e7os"},"content":{"rendered":"\t\t<div data-elementor-type=\"wp-page\" data-elementor-id=\"6418\" class=\"elementor elementor-6418\" data-elementor-settings=\"[]\">\n\t\t\t\t\t\t\t<div class=\"elementor-section-wrap\">\n\t\t\t\t\t\t\t<section class=\"elementor-section elementor-top-section elementor-element elementor-element-7b5352dc elementor-section-content-middle elementor-section-boxed elementor-section-height-default elementor-section-height-default elementor-invisible\" data-id=\"7b5352dc\" data-element_type=\"section\" data-settings=\"{&quot;background_background&quot;:&quot;classic&quot;,&quot;background_motion_fx_motion_fx_scrolling&quot;:&quot;yes&quot;,&quot;background_motion_fx_translateY_effect&quot;:&quot;yes&quot;,&quot;animation&quot;:&quot;fadeIn&quot;,&quot;background_motion_fx_translateY_speed&quot;:{&quot;unit&quot;:&quot;px&quot;,&quot;size&quot;:4,&quot;sizes&quot;:[]},&quot;background_motion_fx_translateY_affectedRange&quot;:{&quot;unit&quot;:&quot;%&quot;,&quot;size&quot;:&quot;&quot;,&quot;sizes&quot;:{&quot;start&quot;:0,&quot;end&quot;:100}},&quot;background_motion_fx_devices&quot;:[&quot;desktop&quot;,&quot;tablet&quot;,&quot;mobile&quot;]}\">\n\t\t\t\t\t\t\t<div class=\"elementor-background-overlay\"><\/div>\n\t\t\t\t\t\t\t<div class=\"elementor-container elementor-column-gap-no\">\n\t\t\t\t\t<div class=\"elementor-column elementor-col-100 elementor-top-column elementor-element elementor-element-446aeffc\" data-id=\"446aeffc\" data-element_type=\"column\">\n\t\t\t<div class=\"elementor-widget-wrap elementor-element-populated\">\n\t\t\t\t\t\t\t\t<div class=\"elementor-element elementor-element-7424e3b3 elementor-widget elementor-widget-heading\" data-id=\"7424e3b3\" data-element_type=\"widget\" data-widget_type=\"heading.default\">\n\t\t\t\t<div class=\"elementor-widget-container\">\n\t\t\t<style>\/*! elementor - v3.5.5 - 03-02-2022 *\/\n.elementor-heading-title{padding:0;margin:0;line-height:1}.elementor-widget-heading .elementor-heading-title[class*=elementor-size-]>a{color:inherit;font-size:inherit;line-height:inherit}.elementor-widget-heading .elementor-heading-title.elementor-size-small{font-size:15px}.elementor-widget-heading .elementor-heading-title.elementor-size-medium{font-size:19px}.elementor-widget-heading .elementor-heading-title.elementor-size-large{font-size:29px}.elementor-widget-heading .elementor-heading-title.elementor-size-xl{font-size:39px}.elementor-widget-heading .elementor-heading-title.elementor-size-xxl{font-size:59px}<\/style><h4 class=\"elementor-heading-title elementor-size-default\">Servi\u00e7os<\/h4>\t\t<\/div>\n\t\t\t\t<\/div>\n\t\t\t\t<section class=\"elementor-section elementor-inner-section elementor-element elementor-element-1b0d05c6 elementor-section-content-middle elementor-section-boxed elementor-section-height-default elementor-section-height-default\" data-id=\"1b0d05c6\" data-element_type=\"section\">\n\t\t\t\t\t\t<div class=\"elementor-container elementor-column-gap-no\">\n\t\t\t\t\t<div class=\"elementor-column elementor-col-33 elementor-inner-column elementor-element elementor-element-7399848c\" data-id=\"7399848c\" data-element_type=\"column\">\n\t\t\t<div class=\"elementor-widget-wrap elementor-element-populated\">\n\t\t\t\t\t\t\t\t<div class=\"elementor-element elementor-element-b3cacbd elementor-widget elementor-widget-image\" data-id=\"b3cacbd\" data-element_type=\"widget\" data-widget_type=\"image.default\">\n\t\t\t\t<div class=\"elementor-widget-container\">\n\t\t\t<style>\/*! elementor - v3.5.5 - 03-02-2022 *\/\n.elementor-widget-image{text-align:center}.elementor-widget-image a{display:inline-block}.elementor-widget-image a img[src$=\".svg\"]{width:48px}.elementor-widget-image img{vertical-align:middle;display:inline-block}<\/style>\t\t\t\t\t\t\t\t\t\t\t\t<img decoding=\"async\" src=\"https:\/\/cartorioadrianaceliac.com.br\/wp-content\/uploads\/2022\/03\/scott-graham-OQMZwNd3ThU-unsplash-scaled.jpg\" title=\"scott-graham-OQMZwNd3ThU-unsplash\" alt=\"scott-graham-OQMZwNd3ThU-unsplash\" class=\"elementor-animation-grow\" \/>\t\t\t\t\t\t\t\t\t\t\t\t\t\t\t<\/div>\n\t\t\t\t<\/div>\n\t\t\t\t\t<\/div>\n\t\t<\/div>\n\t\t\t\t<div class=\"elementor-column elementor-col-33 elementor-inner-column elementor-element elementor-element-79d96669\" data-id=\"79d96669\" data-element_type=\"column\">\n\t\t\t<div class=\"elementor-widget-wrap elementor-element-populated\">\n\t\t\t\t\t\t\t\t<div class=\"elementor-element elementor-element-7c151de6 elementor-widget elementor-widget-heading\" data-id=\"7c151de6\" data-element_type=\"widget\" data-widget_type=\"heading.default\">\n\t\t\t\t<div class=\"elementor-widget-container\">\n\t\t\t<h6 class=\"elementor-heading-title elementor-size-default\">Documenta\u00e7\u00e3o<\/h6>\t\t<\/div>\n\t\t\t\t<\/div>\n\t\t\t\t<div class=\"elementor-element elementor-element-712af37a elementor-widget elementor-widget-text-editor\" data-id=\"712af37a\" data-element_type=\"widget\" data-widget_type=\"text-editor.default\">\n\t\t\t\t<div class=\"elementor-widget-container\">\n\t\t\t<style>\/*! elementor - v3.5.5 - 03-02-2022 *\/\n.elementor-widget-text-editor.elementor-drop-cap-view-stacked .elementor-drop-cap{background-color:#818a91;color:#fff}.elementor-widget-text-editor.elementor-drop-cap-view-framed .elementor-drop-cap{color:#818a91;border:3px solid;background-color:transparent}.elementor-widget-text-editor:not(.elementor-drop-cap-view-default) .elementor-drop-cap{margin-top:8px}.elementor-widget-text-editor:not(.elementor-drop-cap-view-default) .elementor-drop-cap-letter{width:1em;height:1em}.elementor-widget-text-editor .elementor-drop-cap{float:left;text-align:center;line-height:1;font-size:50px}.elementor-widget-text-editor .elementor-drop-cap-letter{display:inline-block}<\/style>\t\t\t\t<ul><li style=\"text-align: left;\">Procura\u00e7\u00f5es<\/li><li style=\"text-align: left;\">Escrituras<\/li><li style=\"text-align: left;\">Autentica\u00e7\u00e3o<\/li><li style=\"text-align: left;\">Reconhecimento de firma<\/li><\/ul>\t\t\t\t\t\t<\/div>\n\t\t\t\t<\/div>\n\t\t\t\t\t<\/div>\n\t\t<\/div>\n\t\t\t\t<div class=\"elementor-column elementor-col-33 elementor-inner-column elementor-element elementor-element-442917c2\" data-id=\"442917c2\" data-element_type=\"column\">\n\t\t\t<div class=\"elementor-widget-wrap elementor-element-populated\">\n\t\t\t\t\t\t\t\t<div class=\"elementor-element elementor-element-7d869e95 elementor-widget elementor-widget-image\" data-id=\"7d869e95\" data-element_type=\"widget\" data-widget_type=\"image.default\">\n\t\t\t\t<div class=\"elementor-widget-container\">\n\t\t\t\t\t\t\t\t\t\t\t\t\t\t\t<img decoding=\"async\" src=\"https:\/\/cartorioadrianaceliac.com.br\/wp-content\/uploads\/2022\/03\/samantha-gades-N1CZNuM_Fd8-unsplash-2-scaled.jpg\" title=\"samantha-gades-N1CZNuM_Fd8-unsplash\" alt=\"samantha-gades-N1CZNuM_Fd8-unsplash\" class=\"elementor-animation-grow\" \/>\t\t\t\t\t\t\t\t\t\t\t\t\t\t\t<\/div>\n\t\t\t\t<\/div>\n\t\t\t\t\t<\/div>\n\t\t<\/div>\n\t\t\t\t\t\t\t<\/div>\n\t\t<\/section>\n\t\t\t\t<section class=\"elementor-section elementor-inner-section elementor-element elementor-element-44a159ce elementor-section-content-middle elementor-section-boxed elementor-section-height-default elementor-section-height-default\" data-id=\"44a159ce\" data-element_type=\"section\">\n\t\t\t\t\t\t<div class=\"elementor-container elementor-column-gap-no\">\n\t\t\t\t\t<div class=\"elementor-column elementor-col-33 elementor-inner-column elementor-element elementor-element-7815263f\" data-id=\"7815263f\" data-element_type=\"column\">\n\t\t\t<div class=\"elementor-widget-wrap elementor-element-populated\">\n\t\t\t\t\t\t\t\t<div class=\"elementor-element elementor-element-67c2394c elementor-widget elementor-widget-heading\" data-id=\"67c2394c\" data-element_type=\"widget\" data-widget_type=\"heading.default\">\n\t\t\t\t<div class=\"elementor-widget-container\">\n\t\t\t<h6 class=\"elementor-heading-title elementor-size-default\">Certid\u00f5es e Registros<\/h6>\t\t<\/div>\n\t\t\t\t<\/div>\n\t\t\t\t<div class=\"elementor-element elementor-element-310601e9 elementor-widget elementor-widget-text-editor\" data-id=\"310601e9\" data-element_type=\"widget\" data-widget_type=\"text-editor.default\">\n\t\t\t\t<div class=\"elementor-widget-container\">\n\t\t\t\t\t\t\t<ul><li style=\"text-align: left;\">Nascimento<\/li><li style=\"text-align: left;\">Casamento<\/li><li style=\"text-align: left;\">\u00d3bito<\/li><\/ul>\t\t\t\t\t\t<\/div>\n\t\t\t\t<\/div>\n\t\t\t\t\t<\/div>\n\t\t<\/div>\n\t\t\t\t<div class=\"elementor-column elementor-col-33 elementor-inner-column elementor-element elementor-element-538dfafe\" data-id=\"538dfafe\" data-element_type=\"column\">\n\t\t\t<div class=\"elementor-widget-wrap elementor-element-populated\">\n\t\t\t\t\t\t\t\t<div class=\"elementor-element elementor-element-51885ed1 elementor-widget elementor-widget-image\" data-id=\"51885ed1\" data-element_type=\"widget\" data-widget_type=\"image.default\">\n\t\t\t\t<div class=\"elementor-widget-container\">\n\t\t\t\t\t\t\t\t\t\t\t\t\t\t\t<img decoding=\"async\" src=\"https:\/\/cartorioadrianaceliac.com.br\/wp-content\/uploads\/2022\/03\/christian-bowen-I0ItPtIsVEE-unsplash-scaled.jpg\" title=\"christian-bowen-I0ItPtIsVEE-unsplash\" alt=\"christian-bowen-I0ItPtIsVEE-unsplash\" class=\"elementor-animation-grow\" \/>\t\t\t\t\t\t\t\t\t\t\t\t\t\t\t<\/div>\n\t\t\t\t<\/div>\n\t\t\t\t\t<\/div>\n\t\t<\/div>\n\t\t\t\t<div class=\"elementor-column elementor-col-33 elementor-inner-column elementor-element elementor-element-57ae7f8e\" data-id=\"57ae7f8e\" data-element_type=\"column\">\n\t\t\t<div class=\"elementor-widget-wrap elementor-element-populated\">\n\t\t\t\t\t\t\t\t<div class=\"elementor-element elementor-element-58792b70 elementor-widget elementor-widget-heading\" data-id=\"58792b70\" data-element_type=\"widget\" data-widget_type=\"heading.default\">\n\t\t\t\t<div class=\"elementor-widget-container\">\n\t\t\t<h6 class=\"elementor-heading-title elementor-size-default\">E mais<\/h6>\t\t<\/div>\n\t\t\t\t<\/div>\n\t\t\t\t<div class=\"elementor-element elementor-element-6ca41ee6 elementor-widget elementor-widget-text-editor\" data-id=\"6ca41ee6\" data-element_type=\"widget\" data-widget_type=\"text-editor.default\">\n\t\t\t\t<div class=\"elementor-widget-container\">\n\t\t\t\t\t\t\t<ul><li style=\"text-align: left;\">Testamento<\/li><li style=\"text-align: left;\">Invent\u00e1rio<\/li><li style=\"text-align: left;\">Div\u00f3rcio<\/li><li style=\"text-align: left;\">Ata Notarial<\/li><\/ul>\t\t\t\t\t\t<\/div>\n\t\t\t\t<\/div>\n\t\t\t\t\t<\/div>\n\t\t<\/div>\n\t\t\t\t\t\t\t<\/div>\n\t\t<\/section>\n\t\t\t\t\t<\/div>\n\t\t<\/div>\n\t\t\t\t\t\t\t<\/div>\n\t\t<\/section>\n\t\t\t\t\t\t<\/div>\n\t\t\t\t\t<\/div>\n\t\t","protected":false},"excerpt":{"rendered":"<p>Servi\u00e7os Documenta\u00e7\u00e3o Procura\u00e7\u00f5es Escrituras Autentica\u00e7\u00e3o Reconhecimento de firma Certid\u00f5es e Registros Nascimento Casamento \u00d3bito E mais Testamento Invent\u00e1rio Div\u00f3rcio Ata Notarial<\/p>\n","protected":false},"author":1,"featured_media":0,"parent":0,"menu_order":0,"comment_status":"closed","ping_status":"closed","template":"elementor_header_footer","meta":{"_monsterinsights_skip_tracking":false,"_monsterinsights_sitenote_active":false,"_monsterinsights_sitenote_note":"","_monsterinsights_sitenote_category":0,"footnotes":""},"class_list":["post-6418","page","type-page","status-publish","hentry"],"yoast_head":"<!-- This site is optimized with the Yoast SEO plugin v19.6.1 - https:\/\/yoast.com\/wordpress\/plugins\/seo\/ -->\n<title>Servi\u00e7os - Cart\u00f3rio Adriana Celiac<\/title>\n<meta name=\"description\" content=\"O cart\u00f3rio Adriana Celiac faz Certid\u00f5es, Registros, Procura\u00e7\u00f5es, Escrituras, Autentica\u00e7\u00e3o, Reconhecimento de firma na cidade de Hidrol\u00e2ndia GO.\" \/>\n<meta name=\"robots\" content=\"index, follow, max-snippet:-1, max-image-preview:large, max-video-preview:-1\" \/>\n<link rel=\"canonical\" href=\"https:\/\/cartorioadrianaceliac.com.br\/?page_id=6418\" \/>\n<meta property=\"og:locale\" content=\"pt_BR\" \/>\n<meta property=\"og:type\" content=\"article\" \/>\n<meta property=\"og:title\" content=\"Servi\u00e7os - Cart\u00f3rio Adriana Celiac\" \/>\n<meta property=\"og:description\" content=\"O cart\u00f3rio Adriana Celiac faz Certid\u00f5es, Registros, Procura\u00e7\u00f5es, Escrituras, Autentica\u00e7\u00e3o, Reconhecimento de firma na cidade de Hidrol\u00e2ndia GO.\" \/>\n<meta property=\"og:url\" content=\"https:\/\/cartorioadrianaceliac.com.br\/?page_id=6418\" \/>\n<meta property=\"og:site_name\" content=\"Cart\u00f3rio Adriana Celiac\" \/>\n<meta property=\"article:modified_time\" content=\"2022-09-26T12:22:13+00:00\" \/>\n<meta property=\"og:image\" content=\"http:\/\/cartorioadrianaceliac.com.br\/wp-content\/uploads\/elementor\/thumbs\/scott-graham-OQMZwNd3ThU-unsplash-scaled-pl8inmkrm0d8uc98nhx3qbgg0u6amotlrsptgjcflk.jpg\" \/>\n<meta name=\"twitter:card\" content=\"summary_large_image\" \/>\n<meta name=\"twitter:label1\" content=\"Est. tempo de leitura\" \/>\n\t<meta name=\"twitter:data1\" content=\"1 minuto\" \/>\n<script type=\"application\/ld+json\" class=\"yoast-schema-graph\">{\"@context\":\"https:\/\/schema.org\",\"@graph\":[{\"@type\":\"WebPage\",\"@id\":\"https:\/\/cartorioadrianaceliac.com.br\/?page_id=6418\",\"url\":\"https:\/\/cartorioadrianaceliac.com.br\/?page_id=6418\",\"name\":\"Servi\u00e7os - Cart\u00f3rio Adriana Celiac\",\"isPartOf\":{\"@id\":\"https:\/\/cartorioadrianaceliac.com.br\/#website\"},\"datePublished\":\"2022-03-05T18:23:10+00:00\",\"dateModified\":\"2022-09-26T12:22:13+00:00\",\"description\":\"O cart\u00f3rio Adriana Celiac faz Certid\u00f5es, Registros, Procura\u00e7\u00f5es, Escrituras, Autentica\u00e7\u00e3o, Reconhecimento de firma na cidade de Hidrol\u00e2ndia GO.\",\"breadcrumb\":{\"@id\":\"https:\/\/cartorioadrianaceliac.com.br\/?page_id=6418#breadcrumb\"},\"inLanguage\":\"pt-BR\",\"potentialAction\":[{\"@type\":\"ReadAction\",\"target\":[\"https:\/\/cartorioadrianaceliac.com.br\/?page_id=6418\"]}]},{\"@type\":\"BreadcrumbList\",\"@id\":\"https:\/\/cartorioadrianaceliac.com.br\/?page_id=6418#breadcrumb\",\"itemListElement\":[{\"@type\":\"ListItem\",\"position\":1,\"name\":\"In\u00edcio\",\"item\":\"https:\/\/cartorioadrianaceliac.com.br\/\"},{\"@type\":\"ListItem\",\"position\":2,\"name\":\"Servi\u00e7os\"}]},{\"@type\":\"WebSite\",\"@id\":\"https:\/\/cartorioadrianaceliac.com.br\/#website\",\"url\":\"https:\/\/cartorioadrianaceliac.com.br\/\",\"name\":\"Cart\u00f3rio Adriana Celiac\",\"description\":\"Cart\u00f3rio localizado em Hidrol\u00e2ndia\",\"publisher\":{\"@id\":\"https:\/\/cartorioadrianaceliac.com.br\/#organization\"},\"potentialAction\":[{\"@type\":\"SearchAction\",\"target\":{\"@type\":\"EntryPoint\",\"urlTemplate\":\"https:\/\/cartorioadrianaceliac.com.br\/?s={search_term_string}\"},\"query-input\":\"required name=search_term_string\"}],\"inLanguage\":\"pt-BR\"},{\"@type\":\"Organization\",\"@id\":\"https:\/\/cartorioadrianaceliac.com.br\/#organization\",\"name\":\"Cart\u00f3rio Adriana Celiac\",\"url\":\"https:\/\/cartorioadrianaceliac.com.br\/\",\"sameAs\":[],\"logo\":{\"@type\":\"ImageObject\",\"inLanguage\":\"pt-BR\",\"@id\":\"https:\/\/cartorioadrianaceliac.com.br\/#\/schema\/logo\/image\/\",\"url\":\"https:\/\/cartorioadrianaceliac.com.br\/wp-content\/uploads\/2022\/02\/Logo01.png\",\"contentUrl\":\"https:\/\/cartorioadrianaceliac.com.br\/wp-content\/uploads\/2022\/02\/Logo01.png\",\"width\":1123,\"height\":416,\"caption\":\"Cart\u00f3rio Adriana Celiac\"},\"image\":{\"@id\":\"https:\/\/cartorioadrianaceliac.com.br\/#\/schema\/logo\/image\/\"}}]}<\/script>\n<!-- \/ Yoast SEO plugin. -->","yoast_head_json":{"title":"Servi\u00e7os - Cart\u00f3rio Adriana Celiac","description":"O cart\u00f3rio Adriana Celiac faz Certid\u00f5es, Registros, Procura\u00e7\u00f5es, Escrituras, Autentica\u00e7\u00e3o, Reconhecimento de firma na cidade de Hidrol\u00e2ndia GO.","robots":{"index":"index","follow":"follow","max-snippet":"max-snippet:-1","max-image-preview":"max-image-preview:large","max-video-preview":"max-video-preview:-1"},"canonical":"https:\/\/cartorioadrianaceliac.com.br\/?page_id=6418","og_locale":"pt_BR","og_type":"article","og_title":"Servi\u00e7os - Cart\u00f3rio Adriana Celiac","og_description":"O cart\u00f3rio Adriana Celiac faz Certid\u00f5es, Registros, Procura\u00e7\u00f5es, Escrituras, Autentica\u00e7\u00e3o, Reconhecimento de firma na cidade de Hidrol\u00e2ndia GO.","og_url":"https:\/\/cartorioadrianaceliac.com.br\/?page_id=6418","og_site_name":"Cart\u00f3rio Adriana Celiac","article_modified_time":"2022-09-26T12:22:13+00:00","og_image":[{"url":"http:\/\/cartorioadrianaceliac.com.br\/wp-content\/uploads\/elementor\/thumbs\/scott-graham-OQMZwNd3ThU-unsplash-scaled-pl8inmkrm0d8uc98nhx3qbgg0u6amotlrsptgjcflk.jpg"}],"twitter_card":"summary_large_image","twitter_misc":{"Est. tempo de leitura":"1 minuto"},"schema":{"@context":"https:\/\/schema.org","@graph":[{"@type":"WebPage","@id":"https:\/\/cartorioadrianaceliac.com.br\/?page_id=6418","url":"https:\/\/cartorioadrianaceliac.com.br\/?page_id=6418","name":"Servi\u00e7os - Cart\u00f3rio Adriana Celiac","isPartOf":{"@id":"https:\/\/cartorioadrianaceliac.com.br\/#website"},"datePublished":"2022-03-05T18:23:10+00:00","dateModified":"2022-09-26T12:22:13+00:00","description":"O cart\u00f3rio Adriana Celiac faz Certid\u00f5es, Registros, Procura\u00e7\u00f5es, Escrituras, Autentica\u00e7\u00e3o, Reconhecimento de firma na cidade de Hidrol\u00e2ndia GO.","breadcrumb":{"@id":"https:\/\/cartorioadrianaceliac.com.br\/?page_id=6418#breadcrumb"},"inLanguage":"pt-BR","potentialAction":[{"@type":"ReadAction","target":["https:\/\/cartorioadrianaceliac.com.br\/?page_id=6418"]}]},{"@type":"BreadcrumbList","@id":"https:\/\/cartorioadrianaceliac.com.br\/?page_id=6418#breadcrumb","itemListElement":[{"@type":"ListItem","position":1,"name":"In\u00edcio","item":"https:\/\/cartorioadrianaceliac.com.br\/"},{"@type":"ListItem","position":2,"name":"Servi\u00e7os"}]},{"@type":"WebSite","@id":"https:\/\/cartorioadrianaceliac.com.br\/#website","url":"https:\/\/cartorioadrianaceliac.com.br\/","name":"Cart\u00f3rio Adriana Celiac","description":"Cart\u00f3rio localizado em Hidrol\u00e2ndia","publisher":{"@id":"https:\/\/cartorioadrianaceliac.com.br\/#organization"},"potentialAction":[{"@type":"SearchAction","target":{"@type":"EntryPoint","urlTemplate":"https:\/\/cartorioadrianaceliac.com.br\/?s={search_term_string}"},"query-input":"required name=search_term_string"}],"inLanguage":"pt-BR"},{"@type":"Organization","@id":"https:\/\/cartorioadrianaceliac.com.br\/#organization","name":"Cart\u00f3rio Adriana Celiac","url":"https:\/\/cartorioadrianaceliac.com.br\/","sameAs":[],"logo":{"@type":"ImageObject","inLanguage":"pt-BR","@id":"https:\/\/cartorioadrianaceliac.com.br\/#\/schema\/logo\/image\/","url":"https:\/\/cartorioadrianaceliac.com.br\/wp-content\/uploads\/2022\/02\/Logo01.png","contentUrl":"https:\/\/cartorioadrianaceliac.com.br\/wp-content\/uploads\/2022\/02\/Logo01.png","width":1123,"height":416,"caption":"Cart\u00f3rio Adriana Celiac"},"image":{"@id":"https:\/\/cartorioadrianaceliac.com.br\/#\/schema\/logo\/image\/"}}]}},"_links":{"self":[{"href":"https:\/\/cartorioadrianaceliac.com.br\/index.php?rest_route=\/wp\/v2\/pages\/6418","targetHints":{"allow":["GET"]}}],"collection":[{"href":"https:\/\/cartorioadrianaceliac.com.br\/index.php?rest_route=\/wp\/v2\/pages"}],"about":[{"href":"https:\/\/cartorioadrianaceliac.com.br\/index.php?rest_route=\/wp\/v2\/types\/page"}],"author":[{"embeddable":true,"href":"https:\/\/cartorioadrianaceliac.com.br\/index.php?rest_route=\/wp\/v2\/users\/1"}],"replies":[{"embeddable":true,"href":"https:\/\/cartorioadrianaceliac.com.br\/index.php?rest_route=%2Fwp%2Fv2%2Fcomments&post=6418"}],"version-history":[{"count":7,"href":"https:\/\/cartorioadrianaceliac.com.br\/index.php?rest_route=\/wp\/v2\/pages\/6418\/revisions"}],"predecessor-version":[{"id":6973,"href":"https:\/\/cartorioadrianaceliac.com.br\/index.php?rest_route=\/wp\/v2\/pages\/6418\/revisions\/6973"}],"wp:attachment":[{"href":"https:\/\/cartorioadrianaceliac.com.br\/index.php?rest_route=%2Fwp%2Fv2%2Fmedia&parent=6418"}],"curies":[{"name":"wp","href":"https:\/\/api.w.org\/{rel}","templated":true}]}}